{"id":9,"date":"2018-08-29T12:14:57","date_gmt":"2018-08-29T09:14:57","guid":{"rendered":"http:\/\/www.inaniemela.fi\/?page_id=9"},"modified":"2025-01-30T19:12:29","modified_gmt":"2025-01-30T17:12:29","slug":"tietoja","status":"publish","type":"page","link":"https:\/\/www.inaniemela.fi\/?page_id=9","title":{"rendered":"CV"},"content":{"rendered":"<h2>EDUCATION<\/h2>\n<p>2013 Master of Arts, <a href=\"http:\/\/www.uniarts.fi\/en\">University of The Arts Helsinki<\/a><br \/>\n2005 Matriculation Examination, Kallio Upper Secondary School<\/p>\n<h2>WORK HISTORY<\/h2>\n<h3><strong>2025<\/strong><\/h3>\n<p>Technical producer, <a href=\"https:\/\/cirko.fi\/en\/cirko-2\/\">Cirko &#8211; Center for New Circus<\/a><\/p>\n<h3><strong>2024<\/strong><\/h3>\n<p><a href=\"https:\/\/www.viirus.fi\/en\/shows\/extramaterial\"><i><span style=\"font-weight: 400;\">Extramaterial<\/span><\/i><\/a><span style=\"font-weight: 400;\">, Jenni-Elina von Bagh &amp; working group, Viirus Guest, light<\/span><\/p>\n<p><a href=\"https:\/\/koneensaatio.fi\/uutiset\/kulttuuripolulla-juhlistetaan-ystavyytta-sisaruutta-ja-luovaa-yhteistyota\/\"><i><span style=\"font-weight: 400;\">Culture trail exhibition<\/span><\/i><\/a><span style=\"font-weight: 400;\">\u00a0with Bee company, Saari Residence, Myn\u00e4m\u00e4ki<\/span><\/p>\n<p><span style=\"font-weight: 400;\"><i><a href=\"https:\/\/liisapentti.com\/Tapahtuma-EN-Baroque-Pearl\">Baroque Pearl<\/a>,\u00a0<\/i>Liisa Pentti + Co, Kiasma theatre, light<\/span><\/p>\n<p>Technical producer, <a href=\"https:\/\/cirko.fi\/en\/cirko-2\/\">Cirko &#8211; Center for New Circus<\/a><\/p>\n<h3><strong>2023<\/strong><\/h3>\n<p><a href=\"https:\/\/www.mehilaistenseura.org\/2022\/12\/31\/pesa-hive-2\/\"><i><span style=\"font-weight: 400;\">Pes\u00e4\/Hive<\/span><\/i><\/a><span style=\"font-weight: 400;\">, Galleria Salmi, Laajasalo Library, Helsinki<\/span><\/p>\n<p><a href=\"https:\/\/pq.cz\/prague-quadrennial-2023\/projects-2023\/exhibition-of-countries-and-regions\/finland-bee-company-mehilaisten-seura\/\"><span style=\"font-weight: 400;\">Mehil\u00e4isten seura \/ Bee company at\u00a0<\/span><i><span style=\"font-weight: 400;\">Prague Quadrennial 2023<\/span><\/i><\/a><\/p>\n<p>Technical producer, <a href=\"https:\/\/cirko.fi\/en\/cirko-2\/\">Cirko &#8211; Center for New Circus<\/a><\/p>\n<h3><strong>2022<\/strong><\/h3>\n<p><span style=\"font-weight: 400;\"><a href=\"https:\/\/liisapentti.com\/Teos-EN-Fraudulent-Light\">Fraudulent Light &#8211; And the Epidemy of Oblivion<\/a>, Teatter Universum &amp; Liisa Pentti + Co, light<\/span><\/p>\n<p>Technical producer, <a href=\"https:\/\/cirko.fi\/en\/cirko-2\/\">Cirko &#8211; Center for New Circus<\/a><\/p>\n<h3><strong>2021<\/strong><\/h3>\n<p><a href=\"http:\/\/www.kanneltalo.fi\/fi\/tapahtumat\/event\/D3EB68EDCCA949DBA0FCB2BFA6BF44D6\/Eloa_\"><i><span style=\"font-weight: 400;\">Eloa!<\/span><\/i><\/a><span style=\"font-weight: 400;\"> -exhibition ja <\/span><i><span style=\"font-weight: 400;\">Paradisaea <\/span><\/i><span style=\"font-weight: 400;\">-performance, Kanneltalo and Kutomo, seedlings, installation and light<\/span><\/p>\n<p><a href=\"https:\/\/www.zodiak.fi\/en\/programme\/four-x-duet-1\"><i><span style=\"font-weight: 400;\">Four x Duet + 1<\/span><\/i><\/a><span style=\"font-weight: 400;\">, Liisa Pentti + Co, light and space<\/span><\/p>\n<p><a href=\"https:\/\/www.kotkanteatteri.fi\/ohjelmisto\/karpo\/\"><i><span style=\"font-weight: 400;\">Karpolla on asiaa<\/span><\/i><\/a><span style=\"font-weight: 400;\">, K. Smeds, Kotka City Theatre, light<\/span><\/p>\n<p>Technical producer, <a href=\"https:\/\/cirko.fi\/en\/cirko-2\/\">Cirko &#8211; Center for New Circus<\/a><\/p>\n<p>Production coordinator 1.3.2021 &#8211; 5.6.2021 ,\u00a0 <a href=\"http:\/\/www.stoa.fi\/en\/frontpage\">STOA<\/a> and <a href=\"http:\/\/www.vuotalo.fi\/en\/frontpage\">Vuotalo<\/a>, Culture and Leisure, City of Helsinki<\/p>\n<h3><strong>2020<\/strong><\/h3>\n<p><a href=\"https:\/\/www.inaniemela.fi\/?p=857\"><em>Ref2020<\/em><\/a>, L. Pentti, Liisa Pentti +Co, light<\/p>\n<p><a href=\"https:\/\/www.inaniemela.fi\/?tag=2020\"><em>El\u00e4m\u00e4nvoima<\/em><\/a>, S. Moila, A. Honkamaa, National Theatre, light and Erotic film<\/p>\n<p><a href=\"http:\/\/www.inaniemela.fi\/?p=735\"><em>A Prologue<\/em><\/a>, J-E. von Bagh and the working group, Zodiak, light.<\/p>\n<p><a href=\"https:\/\/www.sibafest.fi\/en\/-\/lempilempi-sano-se-aaneen\"><em>LempiLempi &#8211; Sano \u00e4\u00e4neen<\/em><\/a>, P. Hirvonen, T. Kuitunen, concert lighting in Sonore at Sibafest.<\/p>\n<p><a href=\"https:\/\/www.sibafest.fi\/en\/-\/garden\"><em>Garden<\/em><\/a>, M. Sarvanne and ensemble, concert lighting in Black Box at Sibafest.<\/p>\n<h3><strong>2019<\/strong><\/h3>\n<p>Production coordinator 25.2.2019 &#8211; 12.1.2020 ,\u00a0 <a href=\"http:\/\/www.stoa.fi\/en\/frontpage\">STOA<\/a> and <a href=\"http:\/\/www.vuotalo.fi\/en\/frontpage\">Vuotalo<\/a>, Culture and Leisure, City of Helsinki<\/p>\n<p><em><a href=\"http:\/\/www.inaniemela.fi\/?p=809\">Pallo vai palikka?<\/a> (Sphere or square?) <\/em>H. Ryti and the working group<em>,<\/em> Tanssiteatteri Hurjaruuth, lights and video.<\/p>\n<p><em><a href=\"http:\/\/www.inaniemela.fi\/?p=689\">Verta, pornoa ja propagandaa, JUMALAUTA!<\/a>, <\/em>A. Kauranne and the working group,\u00a0Musiikkiteatteri Kaps\u00e4kki, lights and projection.<\/p>\n<p><a href=\"http:\/\/www.inaniemela.fi\/?p=543\"><em>Stadin naisten laulut<\/em><\/a>, A. Karvonen, M.Viljamaa, E. Saisio, Musiikkiteatteri Kaps\u00e4kki, \u00a0research, scenography, lights and video.<\/p>\n<h3>2018<\/h3>\n<p><em>Luumunkukka ja Lohik\u00e4\u00e4rme<\/em>, 60 year anniversary musical of East Helsinki Music Institute and Porolahti comprehensive school, lights and technical production.<\/p>\n<p><a href=\"http:\/\/www.inaniemela.fi\/?page_id=11\"><em>Posthuman days<\/em><\/a>, J-E. von Bagh and the working group, Zodiak, lights.<\/p>\n<p>Lighting manager 15.2.2017 &#8211; 31.7.2018, <a href=\"https:\/\/www.zodiak.fi\/en#kaikki\">Zodiak &#8211; centre for new dance<\/a><\/p>\n<p><a href=\"http:\/\/www.inaniemela.fi\/?p=363\"><em>Satubaletti<\/em><\/a> <em>(Fairytale ballet)<\/em>, T. Paasonen and S. Rekola, Zodiak, lights.<\/p>\n<p><em><a href=\"https:\/\/www.kaleva.fi\/tapahtumat\/tapahtuma\/toivoisin-etta-asuisin-kuussa-runoesitys\/1013312\/\">Toivoisin ett\u00e4 asuisin kuussa<\/a>, <\/em><a href=\"http:\/\/kurenniemi100.fi\">Vattumaton talo<\/a><em>, <\/em>Lumotut sanat and Meid\u00e4n festival, scenography and lights.<\/p>\n<p><em><a href=\"https:\/\/www.facebook.com\/tuulihattujajatuhatjalkaisia\/\">Tuulihattuja ja tuhatjalkaisia<\/a>, <\/em><a href=\"http:\/\/kurenniemi.fi\">Vattumadon talo<\/a><em>, <\/em>concert visualisation.<\/p>\n<p><em>Verta<\/em>, <a href=\"https:\/\/www.facebook.com\/vppj2018\">VJPP2018<\/a>, Vapaan Taiteen Tila, lights.<\/p>\n<h3>2017<\/h3>\n<p>Lighting manager, <a href=\"https:\/\/www.zodiak.fi\/en#kaikki\">Zodiak &#8211; centre for new dance<\/a><\/p>\n<p><a href=\"https:\/\/draama-helmi.bandcamp.com\/\">Draama-Helmi<\/a>, Live baking projection at <a href=\"https:\/\/www.facebook.com\/events\/296587750840998\/\">Sola festival.<\/a><\/p>\n<p><em><a href=\"http:\/\/www.inaniemela.fi\/?p=122\">Kikka Fan Club<\/a><\/em>, L. Gustafsson, Theatre Jurkka, light, video and stage design.<\/p>\n<p><a href=\"http:\/\/www.inaniemela.fi\/?p=82\"><em>Aidatut Unelmat \/ Fenced Dreams<\/em><\/a> , S. Palmgren, Zodiak and Helsinki Festival,\u00a0 festival lighting for apple garden.<\/p>\n<h2>2016<\/h2>\n<p><em>On maternity leave.<\/em><\/p>\n<p>Several concert lighting in Black Box and Camerata in <a href=\"https:\/\/www.musiikkitalo.fi\/en\">Musiikkitalo.<\/a><\/p>\n<p><em><a href=\"http:\/\/www.inaniemela.fi\/?p=154\">Kaikki hyvin kasvimaalla<\/a> (All Is Well In The Garden)<\/em>, <a href=\"http:\/\/vattumadontalo.fi\">Vattumadon talo<\/a>, lights, video, scenography and lobby garden.<\/p>\n<p><a href=\"http:\/\/www.inaniemela.fi\/?p=283\">Vallankumous<\/a> (Revolution!), Reaunaryhm\u00e4 and Annantalo, lights, video and concept design for performative installation space.<\/p>\n<h2>2015<\/h2>\n<p><em><a href=\"http:\/\/www.inaniemela.fi\/?p=468\">Ilo pitk\u00e4st\u00e4 murheesta<\/a>\u00a0 (Laments from Middle-East and Karelia)<\/em>, <a href=\"https:\/\/www.facebook.com\/rajamaillacompany\/\">Rajamailla Company<\/a>, lighting design.<\/p>\n<p><a href=\"https:\/\/www.hs.fi\/kulttuuri\/konserttiarvostelu\/art-2000002849077.html\">The final show of Ikuiset Lapset tour by Olavi Uusivirta<\/a>, lighting design.<\/p>\n<p><em>Otavaisen olkap\u00e4ill\u00e4 \/\u00a0P\u00e5 rymdf\u00e4rd i Karlavagnen<\/em> &#8211; bilingual live poetry performace in space, Vattumadon talo, performer and lights.<\/p>\n<p><em><a href=\"http:\/\/www.inaniemela.fi\/?p=548\">RED<\/a><\/em>, J. Logan, Finnish National Theatre,\u00a0 lights and PANI projections.<\/p>\n<p><a href=\"http:\/\/www.inaniemela.fi\/?p=278\"><em>Madonna<\/em><\/a>, J. Moila, <a href=\"http:\/\/teatterinirvana.com\">teatteri Nirvana<\/a>,\u00a0 lights and video.<\/p>\n<p><em>Stadin kadonneet styget<\/em>, A. E. Karvonen and Stadin kadonneet, Musiikkiteatteri Kaps\u00e4kki, scenography, lights and video.<\/p>\n<p><em><a href=\"https:\/\/www.facebook.com\/SomalialaisetElaintarinat\">Somalialaiset el\u00e4intarinat<\/a> (Somalian stories of animals)<\/em>, storytelling performance for children, Vattumadon talo, performer and scenography.<\/p>\n<p>Lighting manager and operator in Oriental Hype- festival.<\/p>\n<p><em>Titanin seireenit<\/em> <em>(Sirens of Titan)<\/em>, spatial installation for kids, artist.<\/p>\n<h2>2014<\/h2>\n<p><em>On maternity leave.<\/em><\/p>\n<p><em>La voix des femmes<\/em>, contemporary Arfican dance, <a href=\"https:\/\/www.facebook.com\/Thil\u00e9-Danse\">Thil\u00e9 Danse<\/a>, lights.<\/p>\n<p><em>Love and Revolution with Miriam Makeba<\/em>, M. wa Ngugi, A. Mbekeni, W. wa Ngugi, dir. A. Rosendahl, lights.<\/p>\n<p><a href=\"https:\/\/www.musiikkitalo.fi\/fi\/tapahtuma\/teheranista-helsinkiin-marouf-majidi-tanbour-tar\"><em>Teheranista Helsinkiin<\/em><\/a> <em>(From Teheran to Helsinki)<\/em>, M. Madiji, concert visualisation.<\/p>\n<p><em>Retrospektio Juhlap\u00e4ivi\u00e4<\/em> <em>(Retrospektive Red &#8211; Letter Days)<\/em>, <a href=\"http:\/\/www.jennikivela.com\/index.php?id=jenni_ja_kiltit_ihmiset\">J. Kivel\u00e4 ja Kiltit ihmiset<\/a>, lights and video.<\/p>\n<p>Light art workshop planning for children in preschool with Vattumadon talo, Prescholl groups in Roihuvuori and Art School Helsinki.<\/p>\n<h2>2013<\/h2>\n<p><em>On maternity leave.<\/em><\/p>\n<p>&#8220;Artists in recidence&#8221; <em>Tunkeilija<\/em>, C-kollektiivi, Teatteri Takomo, lights.<\/p>\n<h2>2012<\/h2>\n<p><em>Kek\u00e4l\u00e4inen &amp; Co\u2013 3 solos<\/em>, S. Kek\u00e4l\u00e4inen, Ruumiillisen taiteen teatteri, lights.<\/p>\n<p><em>Kruunulapset\/Kronobarnen<\/em>, H. Fagerlund, M. Makaroff, bilingual kids musical, Taidetehdas, lights.<\/p>\n<p><em><a href=\"http:\/\/www.inaniemela.fi\/?p=1\">Amerikkalainen tytt\u00f6<\/a> (The American Girl)<\/em>, M. Fagerholm, I. H\u00e4meen-Anttila, Teatteri Takomo, lighting design.<\/p>\n<p><em>Det Lystna Landet; The Answering Machine &amp; Play Alter Native<\/em>, F. Junker, A. Ojanen, A. Petterson, Teater Viirus 2.0, lights.<\/p>\n<p><em>Voittamattomat: Girls just wanna have fun, Ternimaitokeisari, Tyhjyys<\/em> <em>(The Invincible)<\/em>, J. Moila, J. VonBagh, S. Hokkanen, Jyv\u00e4skyl\u00e4 City Theatre, lights and video.<\/p>\n<p><em>Mik\u00e4 El\u00e4m\u00e4! (What Life!)<\/em> Pinja Hahtola, a play about Finnish Somalian life, lights and video.<\/p>\n<h2>2011<\/h2>\n<p><em>Sarasvatin hiekkaa<\/em> <em>(Sands of Sarasvati)<\/em>, R. Isom\u00e4ki, H. Kirjavainen, Rospuutto-ryhm\u00e4, lights and video.<\/p>\n<p><em>Mara ja Katti<\/em> <em>(Mara and Katti kids opera)<\/em>, J. Jokipalto, K. Hakola, Taite ry, lights and video.<\/p>\n<p><em>Reinkarnaatioita<\/em> <em>(Reincarnations)<\/em>, SPINTO, lights and video.<\/p>\n<p><em>MUNA\/EGG\/VEIJCE<\/em> &#8211; performative installation in Prague Quadriennale, I. Niemel\u00e4, J. Hypen, J. Miller, M. Martikainen, A. Koski, S. Kari, S. Halme, K. Sedlerova, V. Korvenmaa, L. Kumpulainen.<\/p>\n<p><em>Miten enkeleit\u00e4 vietell\u00e4\u00e4n<\/em> <em>(How the angels are seduced)<\/em>, cabaret of the women of Bertolt Brech, lights.<\/p>\n<p><em>Hymyilev\u00e4t k\u00e4det<\/em> <em>(Smiling hands)<\/em>, M. Karhunen, R. Vennamo, M. Majidi, R. Wardi, cross genre live art inspired by Rafael Wardis paintings, lights.<\/p>\n<p><em>Pohjan neidon tarina \u2013 musical folktale<\/em>, <a href=\"https:\/\/www.hereamusic.com\/blank\">Here\u00e4<\/a>, lights.<\/p>\n<h2>2010<\/h2>\n<p><em>ZOOaside<\/em>, Dance as Gesamtkunstwerk, J. Partanen &amp; Co, TeaK,\u00a0 lights.<\/p>\n<p><em>Kuusisormiset<\/em> <em>(Six fingers)<\/em>, E. R\u00e4is\u00e4nen, A. T\u0161ehov, TeaK, lights.<\/p>\n<p><em>Kaleidoscope<\/em>, DanceAbility Finland ry, lights.<\/p>\n<p><em>Dream\/Play<\/em>, Performance Project (immersive one-to-one performance), Stage One at Leeds, projections.<\/p>\n<p><em>FLOW &#8211; festival<\/em>, Sun Effects, light technician.<\/p>\n<p><em>Lucia di Lammermoor, Figaron h\u00e4\u00e4t, Elektra<\/em>, Savonlinna Opera Festival, light technician.<\/p>\n<h2>2009<\/h2>\n<p><em>Fusions<\/em>, Irish Dance Company Helsinki, lights.<\/p>\n<p><em>Touko-Taiga<\/em>, series of concerts in Sibelius-Academy, lights.<\/p>\n<p><em>Ihmiskunnan rakastajat<\/em> <em>(Lovers of Mankind)<\/em>, Helsinki University of Technology for its 100th Anniversary, lights.<\/p>\n<p><em>Shopping and Fucking<\/em>, Mark Ravenhill, TeaK,\u00a0 lights.<\/p>\n<p>Raivokabaree <em>(Rage Cabaret)<\/em>, J. Siltanen, Espoo City Theatre, video.<\/p>\n<p><em>Juhanusn\u00e4ytelm\u00e4<\/em> <em>(Midsummer&#8217;s play)<\/em>, N. Miettinen, TeaK, lights and video.<\/p>\n<p><em>Mefistofele, Lucia di Lammermoor, Turandot,<\/em> Savonlinna Opera Festival, light technician.<\/p>\n<h2>2008<\/h2>\n<p><em>Mit\u00e4 sinustakin tulee<\/em>, T. Harno, TeaK, lights.<\/p>\n<p><em>El\u00e4ntarhanhuvila 9<\/em>, K. Simonsuuri &#8211; Parkkinen, Puoli-Q, lights.<\/p>\n<p><em>Huutavan \u00e4\u00e4ni korvessa<\/em>, K. Smeds, YLE TV2, Tampere Theatre Festival<\/p>\n<p>Concert lighting for Johan Botha\u00a0 and Timo Mustakallio singing contest, Savonlinna Opera Festival.<\/p>\n<p><em>Petos<\/em> <em>(Betrayal)<\/em>, H. Pinter, TeaK, lights and video.<\/p>\n<p>Mefistofele, Aida, Carmina Burana, Savonlinna Opera Festival, light technician.<\/p>\n<h2>2007<\/h2>\n<p><em>Herra Armias Karhu<\/em>, A. Rajaniemi, Stadia, lighting design.<br \/>\n<em>Odotushorisontti<\/em> \u2013 light installation, V\u00c4S<\/p>\n<h4>OTHER WORK HISTORY<\/h4>\n<h4>2004 &#8211; 2007<\/h4>\n<p>Untrained nurse, supervisor for mentally handicapped, cleaner in a kindergarten, summer journalist in Uusimaa, personal assistant and a line worker in a chocolate factory.<\/p>\n<h4>MEMBERSHIPS<\/h4>\n<p>Suomen mehil\u00e4ishoitajien liitto SML<br \/>\nKaupunkilaisten oma pelto (community supported agriculture in Helsinki)<br \/>\nSV\u00c4V\/TeMe<\/p>\n<h4>LANGUAGE SKILLS<\/h4>\n<p>Finnish, English, Swedish<\/p>\n<h4>DRIVING LICENSE<\/h4>\n<p>B<\/p>\n","protected":false},"excerpt":{"rendered":"<p>EDUCATION 2013 Master of Arts, University of The Arts Helsinki 2005 Matriculation Examination, Kallio Upper Secondary School WORK HISTORY 2025 Technical producer, Cirko &#8211; Center for New Circus 2024 Extramaterial, Jenni-Elina von Bagh &amp; working group, Viirus Guest, light Culture trail exhibition\u00a0with Bee company, Saari Residence, Myn\u00e4m\u00e4ki Baroque Pearl,\u00a0Liisa Pentti + Co, Kiasma theatre, light<a class=\"more-link\" href=\"https:\/\/www.inaniemela.fi\/?page_id=9\">Read more<\/a><\/p>\n","protected":false},"author":1,"featured_media":0,"parent":0,"menu_order":0,"comment_status":"closed","ping_status":"closed","template":"","meta":{"footnotes":""},"class_list":["post-9","page","type-page","status-publish","hentry"],"_links":{"self":[{"href":"https:\/\/www.inaniemela.fi\/index.php?rest_route=\/wp\/v2\/pages\/9","targetHints":{"allow":["GET"]}}],"collection":[{"href":"https:\/\/www.inaniemela.fi\/index.php?rest_route=\/wp\/v2\/pages"}],"about":[{"href":"https:\/\/www.inaniemela.fi\/index.php?rest_route=\/wp\/v2\/types\/page"}],"author":[{"embeddable":true,"href":"https:\/\/www.inaniemela.fi\/index.php?rest_route=\/wp\/v2\/users\/1"}],"replies":[{"embeddable":true,"href":"https:\/\/www.inaniemela.fi\/index.php?rest_route=%2Fwp%2Fv2%2Fcomments&post=9"}],"version-history":[{"count":52,"href":"https:\/\/www.inaniemela.fi\/index.php?rest_route=\/wp\/v2\/pages\/9\/revisions"}],"predecessor-version":[{"id":940,"href":"https:\/\/www.inaniemela.fi\/index.php?rest_route=\/wp\/v2\/pages\/9\/revisions\/940"}],"wp:attachment":[{"href":"https:\/\/www.inaniemela.fi\/index.php?rest_route=%2Fwp%2Fv2%2Fmedia&parent=9"}],"curies":[{"name":"wp","href":"https:\/\/api.w.org\/{rel}","templated":true}]}}